{"id":763,"date":"2018-06-28T01:35:37","date_gmt":"2018-06-28T04:35:37","guid":{"rendered":"https:\/\/isfdlaslomitas-for.infd.edu.ar\/sitio\/noticias-del-instituto\/"},"modified":"2018-10-01T10:19:58","modified_gmt":"2018-10-01T13:19:58","slug":"noticias-del-instituto","status":"publish","type":"page","link":"https:\/\/isfdlaslomitas-for.infd.edu.ar\/sitio\/noticias-del-instituto\/","title":{"rendered":"Noticias del Instituto"},"content":{"rendered":"<p style=\"text-align: center;\"><strong>AGRADECIMIENTO<\/strong><\/p>\n<p>El Instituto recibi\u00f3 de manos del Coordinador de ADF de Las Lomitas, Prof. Alberto Castillo, en nombre de la Agremiaci\u00f3n del Docente Formose\u00f1o, dos Banderas de Ceremonias completas, una Nacional y una Provincial.<\/p>\n<p>Por este gesto y ayuda a nuestra Instituci\u00f3n agradecemos a nuestro gremio que d\u00eda a d\u00eda trabaja por nuestros derechos.<img decoding=\"async\" loading=\"lazy\" class=\"alignnone size-medium wp-image-835\" src=\"https:\/\/isfdlaslomitas-for.infd.edu.ar\/sitio\/wp-content\/uploads\/2018\/10\/WhatsApp-Image-2018-09-27-at-21.43.14-750x1000.jpeg\" alt=\"\" width=\"750\" height=\"1000\" srcset=\"https:\/\/isfdlaslomitas-for.infd.edu.ar\/sitio\/wp-content\/uploads\/2018\/10\/WhatsApp-Image-2018-09-27-at-21.43.14-750x1000.jpeg 750w, https:\/\/isfdlaslomitas-for.infd.edu.ar\/sitio\/wp-content\/uploads\/2018\/10\/WhatsApp-Image-2018-09-27-at-21.43.14-768x1024.jpeg 768w, https:\/\/isfdlaslomitas-for.infd.edu.ar\/sitio\/wp-content\/uploads\/2018\/10\/WhatsApp-Image-2018-09-27-at-21.43.14.jpeg 774w\" sizes=\"(max-width: 750px) 100vw, 750px\" \/><\/p>\n","protected":false},"excerpt":{"rendered":"<p>AGRADECIMIENTO El Instituto recibi\u00f3 de manos del Coordinador de ADF de Las Lomitas, Prof. Alberto Castillo, en nombre de la Agremiaci\u00f3n del Docente Formose\u00f1o, dos Banderas de Ceremonias completas, una Nacional y una Provincial. Por este gesto y ayuda a nuestra Instituci\u00f3n agradecemos a nuestro gremio que d\u00eda a d\u00eda trabaja por nuestros derechos.<\/p>\n","protected":false},"author":189,"featured_media":0,"parent":0,"menu_order":0,"comment_status":"closed","ping_status":"closed","template":"","meta":[],"acf":[],"_links":{"self":[{"href":"https:\/\/isfdlaslomitas-for.infd.edu.ar\/sitio\/wp-json\/wp\/v2\/pages\/763"}],"collection":[{"href":"https:\/\/isfdlaslomitas-for.infd.edu.ar\/sitio\/wp-json\/wp\/v2\/pages"}],"about":[{"href":"https:\/\/isfdlaslomitas-for.infd.edu.ar\/sitio\/wp-json\/wp\/v2\/types\/page"}],"author":[{"embeddable":true,"href":"https:\/\/isfdlaslomitas-for.infd.edu.ar\/sitio\/wp-json\/wp\/v2\/users\/189"}],"replies":[{"embeddable":true,"href":"https:\/\/isfdlaslomitas-for.infd.edu.ar\/sitio\/wp-json\/wp\/v2\/comments?post=763"}],"version-history":[{"count":2,"href":"https:\/\/isfdlaslomitas-for.infd.edu.ar\/sitio\/wp-json\/wp\/v2\/pages\/763\/revisions"}],"predecessor-version":[{"id":836,"href":"https:\/\/isfdlaslomitas-for.infd.edu.ar\/sitio\/wp-json\/wp\/v2\/pages\/763\/revisions\/836"}],"wp:attachment":[{"href":"https:\/\/isfdlaslomitas-for.infd.edu.ar\/sitio\/wp-json\/wp\/v2\/media?parent=763"}],"curies":[{"name":"wp","href":"https:\/\/api.w.org\/{rel}","templated":true}]}}