{"id":286,"date":"2016-10-31T13:17:59","date_gmt":"2016-10-31T16:17:59","guid":{"rendered":"https:\/\/isfdlaslomitas-for.infd.edu.ar\/sitio\/?page_id=286"},"modified":"2021-10-15T20:16:21","modified_gmt":"2021-10-15T23:16:21","slug":"inicio","status":"publish","type":"page","link":"https:\/\/isfdlaslomitas-for.infd.edu.ar\/sitio\/","title":{"rendered":"Inicio"},"content":{"rendered":"<div id=\"metaslider-id-403\" style=\"width: 100%;\" class=\"ml-slider-3-33-0 metaslider metaslider-flex metaslider-403 ml-slider ms-theme-default\" role=\"region\" aria-roledescription=\"Slideshow\" aria-label=\"Slideshow\">\n    <div id=\"metaslider_container_403\">\n        <div id=\"metaslider_403\" class=\"flexslider\">\n            <ul aria-live=\"polite\" class=\"slides\">\n                <li style=\"display: block; width: 100%;\" class=\"slide-607 ms-image\" aria-roledescription=\"slide\" aria-label=\"slide-607\"><a href=\"https:\/\/mapa.infd.edu.ar\/\" target=\"_self\"><img src=\"https:\/\/isfdlaslomitas-for.infd.edu.ar\/sitio\/wp-content\/uploads\/2018\/06\/mapa_infd6-1100x200.png\" height=\"200\" width=\"1100\" alt=\"\" class=\"slider-403 slide-607\" title=\"mapa_infd6\" \/><\/a><\/li>\n                <li style=\"display: none; width: 100%;\" class=\"slide-609 ms-image\" aria-roledescription=\"slide\" aria-label=\"slide-609\"><a href=\"https:\/\/www.argentina.gob.ar\/educacion\/becas\" target=\"_self\"><img src=\"https:\/\/isfdlaslomitas-for.infd.edu.ar\/sitio\/wp-content\/uploads\/2018\/06\/becas7-1100x200.png\" height=\"200\" width=\"1100\" alt=\"\" class=\"slider-403 slide-609\" title=\"becas7\" \/><\/a><\/li>\n                <li style=\"display: none; width: 100%;\" class=\"slide-635 ms-image\" aria-roledescription=\"slide\" aria-label=\"slide-635\"><a href=\"https:\/\/www.argentina.gob.ar\/tema\/estudiar\/formacion-docencia\" target=\"_self\"><img src=\"https:\/\/isfdlaslomitas-for.infd.edu.ar\/sitio\/wp-content\/uploads\/2018\/06\/convocatorias_slide6-1-1100x200.png\" height=\"200\" width=\"1100\" alt=\"\" class=\"slider-403 slide-635\" title=\"convocatorias_slide6-1\" \/><\/a><\/li>\n            <\/ul>\n        <\/div>\n        \n    <\/div>\n<\/div>\n<h2 style=\"text-align: center;\"><span style=\"color: #800000;\">\u201cInstituto Superior de Formaci\u00f3n Docente Continua <\/span><br \/>\n<span style=\"color: #800000;\">y T\u00e9cnica Brig. Gral. Juan F. Quiroga\u201d<\/span><\/h2>\n<h3 style=\"text-align: center;\">Las Lomitas &#8211; Formosa<\/h3>\n<p><img decoding=\"async\" loading=\"lazy\" class=\"wp-image-857 aligncenter\" src=\"https:\/\/isfdlaslomitas-for.infd.edu.ar\/sitio\/wp-content\/uploads\/2020\/03\/GPTempDownload-1000x750.jpg\" alt=\"\" width=\"432\" height=\"324\" srcset=\"https:\/\/isfdlaslomitas-for.infd.edu.ar\/sitio\/wp-content\/uploads\/2020\/03\/GPTempDownload-1000x750.jpg 1000w, https:\/\/isfdlaslomitas-for.infd.edu.ar\/sitio\/wp-content\/uploads\/2020\/03\/GPTempDownload-768x576.jpg 768w, https:\/\/isfdlaslomitas-for.infd.edu.ar\/sitio\/wp-content\/uploads\/2020\/03\/GPTempDownload-1900x1425.jpg 1900w\" sizes=\"(max-width: 432px) 100vw, 432px\" \/><\/p>\n<p style=\"text-align: center;\">Este Instituto Superior de Formaci\u00f3n Docente, Continua y T\u00e9cnica, forma parte del sistema de educaci\u00f3n p\u00fablica de gesti\u00f3n estatal.<\/p>\n<p style=\"text-align: center;\">Junto con varios cientos de Institutos, integramos la Red Virtual de Institutos Superiores de Formaci\u00f3n Docente<br \/>\ncoordinada por el INFD (Instituto Nacional de Formaci\u00f3n Docente) dependiente del Ministerio de Educaci\u00f3n de la Naci\u00f3n Argentina.<\/p>\n","protected":false},"excerpt":{"rendered":"<p>\u201cInstituto Superior de Formaci\u00f3n Docente Continua y T\u00e9cnica Brig. Gral. Juan F. Quiroga\u201d Las Lomitas &#8211; Formosa Este Instituto Superior de Formaci\u00f3n Docente, Continua y T\u00e9cnica, forma parte del sistema de educaci\u00f3n p\u00fablica de gesti\u00f3n estatal. Junto con varios cientos de Institutos, integramos la Red Virtual de Institutos Superiores de Formaci\u00f3n Docente coordinada por el &#8230; <a title=\"Inicio\" class=\"read-more\" href=\"https:\/\/isfdlaslomitas-for.infd.edu.ar\/sitio\/\" aria-label=\"More on Inicio\">[+]<\/a><\/p>\n","protected":false},"author":1,"featured_media":0,"parent":0,"menu_order":0,"comment_status":"closed","ping_status":"closed","template":"","meta":[],"acf":[],"_links":{"self":[{"href":"https:\/\/isfdlaslomitas-for.infd.edu.ar\/sitio\/wp-json\/wp\/v2\/pages\/286"}],"collection":[{"href":"https:\/\/isfdlaslomitas-for.infd.edu.ar\/sitio\/wp-json\/wp\/v2\/pages"}],"about":[{"href":"https:\/\/isfdlaslomitas-for.infd.edu.ar\/sitio\/wp-json\/wp\/v2\/types\/page"}],"author":[{"embeddable":true,"href":"https:\/\/isfdlaslomitas-for.infd.edu.ar\/sitio\/wp-json\/wp\/v2\/users\/1"}],"replies":[{"embeddable":true,"href":"https:\/\/isfdlaslomitas-for.infd.edu.ar\/sitio\/wp-json\/wp\/v2\/comments?post=286"}],"version-history":[{"count":84,"href":"https:\/\/isfdlaslomitas-for.infd.edu.ar\/sitio\/wp-json\/wp\/v2\/pages\/286\/revisions"}],"predecessor-version":[{"id":905,"href":"https:\/\/isfdlaslomitas-for.infd.edu.ar\/sitio\/wp-json\/wp\/v2\/pages\/286\/revisions\/905"}],"wp:attachment":[{"href":"https:\/\/isfdlaslomitas-for.infd.edu.ar\/sitio\/wp-json\/wp\/v2\/media?parent=286"}],"curies":[{"name":"wp","href":"https:\/\/api.w.org\/{rel}","templated":true}]}}